-5*f + h*p + 30 + 30. What are the prime factors of f?
3
Suppose 4*t - 5*i - 106 = 0, 5*t - 2*i = -i + 122. Let k = -5 + t. List the prime factors of k.
19
Let z be 6/4 - 1/(-2). Suppose 3*s - s - 51 = -5*d, -45 = -4*d - 3*s. Let q = d + z. List the prime factors of q.
11
Let v(g) = -g**3 + 5*g**2 - 3*g - 4. Let a be v(4). Suppose 0 = 2*x + 2 - 12. Suppose a*y - r = -5*y + 75, y = x*r - 9. List the prime factors of y.
2
Let m(i) = 62*i + 31. List the prime factors of m(3).
7, 31
Let b = 4 + 7. Let h = -6 + b. Suppose 4*t = h + 15. List the prime factors of t.
5
Let n be (4 - 1)*1 - 2. Let f be (-2 - -1 - -1)/n. Suppose j - 3 - 3 = f. List the prime factors of j.
2, 3
Suppose 4*a - 41 = -5*j - 0*j, -3*a + 7 = -j. Suppose -2*f + 6*f - j*c - 129 = 0, 2*f + 5*c - 27 = 0. List the prime factors of f.
2, 13
Let g(c) = -c + 5. Let a be g(4). Let q(p) = -p**3 - 7*p**2 - 7*p + 10. Let j be q(-6). Let h = j + a. What are the prime factors of h?
17
Suppose -w = 0, 0 = 4*y - 3*w - 61 - 619. List the prime factors of y.
2, 5, 17
Suppose 0*c = -6*c + 198. What are the prime factors of c?
3, 11
Suppose -41 - 59 = -5*y. List the prime factors of y.
2, 5
Let u(m) = 4*m - 5. List the prime factors of u(3).
7
Let f be 36/2*(-1)/(-2). Suppose -l + f = -3*i, -5*l - 4 = 2*i + 2. Suppose l = h + 5, 0 = -3*c + 3*h - 22 + 97. List the prime factors of c.
2, 5
Suppose -5*q = -3*q - 4. Suppose o = q*o - 18. What are the prime factors of o?
2, 3
Let n(a) = -3*a + 6. Let b be n(4). Let l be ((-3)/b)/(1/6). Suppose 0*k + 51 = l*k. What are the prime factors of k?
17
Let x(i) be the first derivative of i**3/3 - 7*i**2/2 - 4*i + 1. Let y be x(10). Suppose 0 = 4*p - 4*n, p + 2 = -5*n + y. List the prime factors of p.
2
Let k(q) = -q**3 - 9*q**2 - 9*q - 5. Let d be k(-8). Suppose 5*m - 20 = t, 0*t - 3*m = -t - 12. Let h = t + d. What are the prime factors of h?
3
List the prime factors of 1150/12 - (-22)/132.
2, 3
Let v(c) = -29*c - 3. List the prime factors of v(-2).
5, 11
Suppose -4 = 3*i - 4*i. Suppose -b = i*b. Suppose b*h = -4*h + 8. What are the prime factors of h?
2
Let j(o) = o**3 + 26*o**2 - 2*o - 6. What are the prime factors of j(-26)?
2, 23
Suppose 0 = 77*v - 72*v - 1635. What are the prime factors of v?
3, 109
Let c(s) be the third derivative of 0*s**3 + 0 - 2*s**2 + 1/120*s**6 - 1/24*s**4 + 1/15*s**5 + 0*s. What are the prime factors of c(-3)?
2, 3
Let q be (4/(-12))/(3/(-18)). Let s = q + 22. What are the prime factors of s?
2, 3
Suppose 3*a + 30 = 2*p + 6, -5*p - 5 = -a. Let b(l) = l**2 + 6*l - 6. What are the prime factors of b(a)?
2, 17
Let p(b) = b**3 - 2*b**2 - 2*b + 2. Let r(s) = s**3 - 3*s**2 + s - 1. Let n be r(3). Let w be p(n). Let x = w - -7. List the prime factors of x.
5
Suppose -j - 5 = x + j, 4*x + j + 20 = 0. Let s(w) = w**3 + 6*w**2 + 2*w - 5. What are the prime factors of s(x)?
2, 5
Let h(f) = f**3 + 5*f**2 + 2*f. Suppose 0 = b - 5*b + 36. Let a = 7 - b. What are the prime factors of h(a)?
2
Let f(s) = -s**3 - 5*s**2 + 4*s + 7. Let z be f(-5). Let t = 1 - z. What are the prime factors of t?
2, 7
Let s(o) = 15*o + 5. What are the prime factors of s(3)?
2, 5
Suppose 5*h + 2*v = 4*h - 14, -5*h = v + 34. Let n = 19 + h. List the prime factors of n.
13
Suppose 3*z - 284 = -4*v - v, -12 = -3*v. Suppose -z - 56 = -3*w. List the prime factors of w.
2, 3
Suppose 3*t - 2 = 10. Suppose n + 90 = t*k - 0*n, 0 = -3*k - 2*n + 73. List the prime factors of k.
23
Let z = -667 - -1027. What are the prime factors of z?
2, 3, 5
Let a = 57 - 1. What are the prime factors of (a/(-10))/(2/(-5))?
2, 7
Let y(t) = -t**3 + 12*t**2 - 16*t - 33. List the prime factors of y(10).
7
Let m = 163 - 108. List the prime factors of m.
5, 11
Let i be 8/(-3) - (-2)/3. What are the prime factors of ((-44)/6)/(i/3)?
11
Suppose 0*o + 4*o + m + 16 = 0, o = 5*m + 17. What are the prime factors of o + 5 - -2 - 2?
2
Suppose 2*g + 5*s - 9 = 2*s, 3*g - 4*s = 22. Let l = 8 - g. Suppose -l*r + 3 = -1, -r - 38 = -4*x. List the prime factors of x.
2, 5
Let s be (-6)/(-4) - (-1)/2. Suppose 23 = -5*x - s*n, -6*x + 3*n + 3 = -3*x. List the prime factors of -3 - 3/(x/20).
17
Let c be -14 - (-2 - 2/(-2)). What are the prime factors of -2 - (c/(-1))/(-1)?
11
Let j = -68 + 163. What are the prime factors of j?
5, 19
Let n = 7 + -5. Suppose 3*p - 3*i - 106 = 2*i, -4*p - n*i + 98 = 0. Suppose 0 = 3*g - 2*q - p, 5*q + 13 = 5*g - 37. What are the prime factors of g?
7
Suppose 0 = 6*i - i - 30. Suppose 5*y - 15 = -2*f, -f - y + i = -0*y. List the prime factors of f.
5
Let o = -6 - -14. Let i(w) = 2*w. Let s be i(o). Let d = 22 - s. List the prime factors of d.
2, 3
Let z = 0 + 2. Suppose -r = 1 - z. Suppose 5*i = -n - 2*n + 61, 5*i - r = 2*n. List the prime factors of n.
2, 3
Let r(g) = g**2 - 11*g + 18. List the prime factors of r(13).
2, 11
Suppose 0*f + 3*f = 48. List the prime factors of f.
2
Suppose 3*d - d = 8. Let l be (-12)/(-5) + d/(-10). Suppose 3*h = l*h + 11. List the prime factors of h.
11
Let q(y) = 2*y**2 - 20*y + 36. What are the prime factors of q(16)?
2, 3, 19
Let y(n) = 85*n**2 - 84*n**2 - 4 - 10*n + n + 0. What are the prime factors of y(12)?
2
Let j(p) = -44*p**3 - 4*p**2 + p + 7. List the prime factors of j(-2).
11, 31
Suppose 3*s - s = 0. Let b = 0 + s. Suppose b*l = -3*l + 36. List the prime factors of l.
2, 3
What are the prime factors of (-174)/4*(-8 - -6)?
3, 29
Let y be -1*1/1 + 5. Let f(k) = k. Let p(h) = h**2 - 3*h + 6. Let s(r) = 3*f(r) - p(r). What are the prime factors of s(y)?
2
Let h(o) = 2*o - 2. Let d be h(0). Let n(m) = -7*m - 5. What are the prime factors of n(d)?
3
Suppose -3*u + 70 = -4*p, u - 87 = 5*p - 3*u. List the prime factors of 3 - 0 - -1 - p.
23
Suppose 4*i - 37 = 2*t + 169, -3*t = -2*i + 97. List the prime factors of i.
53
Let p = -131 + 213. List the prime factors of p.
2, 41
Let c(x) = 5 - 49*x - 6 + 0. Let i be c(1). Let n = i + 71. What are the prime factors of n?
3, 7
Suppose -3*k + 12 = -4*x, 5*x + 5 = k - 10. Let o = 2 - x. List the prime factors of o - (-1)/(1/2).
7
Suppose p + 7 - 49 = 0. What are the prime factors of p?
2, 3, 7
Suppose 4*y + j = -11, -4*y + 3*y - 5*j = -21. Let v = y + 7. Suppose u = v*u - 12. List the prime factors of u.
2, 3
List the prime factors of -4*(0/2 + 690/(-24)).
5, 23
List the prime factors of (11/(-4)*2)/(3/(-114)).
11, 19
Let o = 90 + -14. Suppose -2*z + o = 2*z. What are the prime factors of z?
19
Suppose -3*i - 9 = -3*v, -2*v = -v - 5. Suppose i*f - 16 - 20 = 0. What are the prime factors of f?
2, 3
Suppose 8*f = 10*f - 186. List the prime factors of f.
3, 31
Let c(w) = 2 - 2 + 3*w + 2*w**2 - 3 + 0. List the prime factors of c(2).
11
Suppose -15*w + 19 = -14*w. What are the prime factors of w?
19
Suppose -10*i + 6*i + 128 = 0. List the prime factors of i.
2
Suppose -7*d + 5*d = -126. List the prime factors of d.
3, 7
Suppose -4*d + 1 = -11. Suppose 4*o - d = -11. List the prime factors of (0 - -10)/(o/(-2)).
2, 5
What are the prime factors of (-6)/(-12) + 99/2?
2, 5
Suppose 2*x = -4*t, 4*t - 2 = -3*x + 2. Suppose 0 = -3*w - p - 12, 5*w = -p - x*p - 10. Let i(z) = -z + 2. What are the prime factors of i(w)?
7
Let i(k) = 2*k**2 + 7*k - 7. Suppose -3 = 2*j + 9. What are the prime factors of i(j)?
23
Suppose -4*y = -9*y. Suppose -i - 48 = -3*z, z - 2*i + 2 - 18 = 0. Let v = z - y. What are the prime factors of v?
2
Suppose -g + 0*g = -23. Let i = g - 11. List the prime factors of i.
2, 3
Let k be 1*-3 - (-16 + 4). Let w(i) = -2*i - 5. Let t be w(-5). Suppose 2*r - u = k, 0 = r + t*u - 2 - 30. List the prime factors of r.
7
List the prime factors of 2/(-3) - (-1792)/24.
2, 37
Suppose i = -2*i + 5*n + 36, 2*n = -3*i + 15. Suppose 2*c - 52 = 2*f, 3*c + 122 = i*c + 5*f. What are the prime factors of c?
2, 7
Let m(v) = -v**3 + 6*v**2 + 9*v + 6. List the prime factors of m(7).
2, 5
Suppose -10 - 7 = 3*f - 4*z, -z + 10 = 5*f. Let j = f + 29. What are the prime factors of j?
2, 3, 5
Suppose -8*r - 21 = -4*r - x, r - x = -3. Let t be r*(2 - 14/3). Let p = t - 10. List the prime factors of p.
2, 3
Let m = 8 - 6. Suppose 4*a - 20 = 4*b - m*b, 0 = -b + 2. List the prime factors of a.
2, 3
Suppose -123 = -5*j + 152. List the prime factors of j.
5, 11
Let h = -34 + 12. What are the prime factors of 1 + h/(1 + -2)?
23
Suppose 57 